 - 45*m - 551. Determine b(-10).
-1
Let c(a) = 5*a - 41. Give c(10).
9
Let z(u) = u**3 + 9*u**2 + 9*u + 20. What is z(-8)?
12
Let v(o) = -8*o - 13. What is v(-3)?
11
Let a(d) = 2*d + 4. Give a(2).
8
Let o(q) = -3*q + 2. Give o(10).
-28
Let j(d) = -5*d**3 + 2*d**2 + d - 3. Give j(1).
-5
Let g(n) = -n**3 + 18*n**2 - n + 14. Calculate g(18).
-4
Let g(b) = -35*b**3 - b**2 + 1. Calculate g(1).
-35
Let w(j) = -j**3 + j**2 + 3*j - 2. Give w(2).
0
Let m(v) = -2*v**2 + 5*v. Calculate m(4).
-12
Let v(q) = -q**2 - 6*q - 4. Calculate v(-4).
4
Let m(z) = -4*z + 10. Calculate m(1).
6
Let v(i) = -i**3 - 12*i**2 + 11*i + 3. Determine v(-13).
29
Let s(j) = 259*j - 2583. What is s(10)?
7
Let v(q) = q**3 - q**2 - 21*q - 24. Determine v(-3).
3
Let d(m) = -m**2 + 24*m - 19. Give d(12).
125
Let x(r) = r**3 + 32*r**2 + 85*r - 68. Determine x(-29).
-10
Let u(q) = -q**2 - 43*q + 95. What is u(-45)?
5
Let b(w) = -4*w - 5. Give b(4).
-21
Let j(s) = s + 2. What is j(5)?
7
Let c(k) = -k**2 - 9*k + 27. Give c(-11).
5
Let s(a) = a**2 + 18*a + 1. Give s(-18).
1
Let z(m) = -11*m**2 + 2*m - 3. Calculate z(2).
-43
Let v(o) = o**2 + 12*o + 26. Determine v(-6).
-10
Let s(h) = -h**3 - 2*h**2 + 18*h - 6. What is s(5)?
-91
Let r(d) = -9*d - 9. Give r(4).
-45
Let w(y) = -y**3 + 2*y**2 + 62*y - 5. Determine w(-7).
2
Let p(m) = m**2 + 12*m - 29. Calculate p(-14).
-1
Let u(a) = 2*a**2 - 23*a + 55. Determine u(7).
-8
Let g(m) = m**2 + 13*m + 6. Give g(-11).
-16
Let a(v) = 2*v**2 - 45*v - 41. Determine a(24).
31
Let x(z) = -z**3 + 15*z**2 - 48*z - 27. Calculate x(6).
9
Let l(p) = -p**3 - 4*p**2 + 30*p - 14. Give l(-8).
2
Let x(u) = u**3 - 8*u**2 - 11*u + 24. Give x(9).
6
Let i(g) = 25*g + 67. Give i(-3).
-8
Let m(b) = -b**3 + b**2 + b - 4. Determine m(2).
-6
Let r(a) = -a**3 - 9*a**2 - 23*a + 5. Determine r(-5).
20
Let r(p) = -p**2 - 10*p + 131. Give r(7).
12
Let n(a) = -3*a**3 + 2*a**2 - 3*a + 2. Calculate n(2).
-20
Let w(r) = -8*r - 13. Determine w(-2).
3
Let s(w) = -w**3 - 7*w**2 + 4*w + 12. What is s(-8)?
44
Let l(k) = -k**2 + 11*k + 105. What is l(17)?
3
Let c(z) = -z**3 - 12*z**2 - 3*z - 39. Calculate c(-12).
-3
Let y(n) = -n**3 - 7*n**2 + 3*n + 15. Determine y(-7).
-6
Let i(g) = -g + 36. Determine i(32).
4
Let h(p) = -p**3 - 2*p**2 + p + 3. What is h(2)?
-11
Let o(h) = -h**3 + 10*h**2 - 9*h + 17. Calculate o(9).
17
Let b(p) = -145*p + 5. Determine b(0).
5
Let t(u) = 37*u. What is t(-1)?
-37
Let v(k) = -k**3 + 2*k**2 + 3*k - 3. Calculate v(3).
-3
Let h(c) = -13*c - 77. Give h(-7).
14
Let h(v) = -3*v**2 - 7*v + 21. Give h(-5).
-19
Let t(c) = 22*c - 169. Determine t(12).
95
Let k(q) = q**3 - 3*q**2 - 3*q + 1. Give k(4).
5
Let z(f) = 2*f + 19. Calculate z(-7).
5
Let k(r) = -9*r - 2. What is k(-2)?
16
Let x(a) = 16*a**2 - 94*a - 8. Calculate x(6).
4
Let n(r) = 2*r**2 + 8*r + 13. Calculate n(-2).
5
Let k(a) = -2*a**3 - 14*a**2 + 4*a - 6. Calculate k(-9).
282
Let h(m) = -m**3 + 8*m**2 - 4*m - 10. Determine h(7).
11
Let w(y) = -4*y + 106. Give w(26).
2
Let k(x) = -3*x**2 + 2*x + 3. Determine k(-1).
-2
Let w(x) = -x**2 - 14*x - 3. Determine w(-14).
-3
Let m(g) = -11*g**2 + 6*g + 13. What is m(-2)?
-43
Let u(w) = w**2 + 4*w + 5. Calculate u(-2).
1
Let j(q) = q - 9. What is j(18)?
9
Let l(g) = -2*g - 19. Determine l(-18).
17
Let q(h) = -31*h + 354. Determine q(11).
13
Let a(z) = -z**2 + 30*z + 459. What is a(41)?
8
Let v(i) = 3*i**2 + 21*i + 12. What is v(-6)?
-6
Let m(g) = -56*g**2 - 3*g - 4. What is m(-1)?
-57
Let o(d) = -d**2 + 6*d - 10. What is o(3)?
-1
Let z(v) = -v**3 + 3*v**2 - 4*v - 1. Give z(3).
-13
Let m(f) = -f**2 - 8*f + 7. Calculate m(-9).
-2
Let f(z) = -15*z + 10. Give f(3).
-35
Let g(f) = f**3 + 5*f**2 - 5. Give g(-4).
11
Let q(x) = -x**2 - 22*x - 106. Give q(-12).
14
Let f(l) = -l**2 - 8*l + 18. Give f(-11).
-15
Let r(n) = 3*n**3 + n**2 + 2*n - 2. Determine r(2).
30
Let r(i) = i**3 + 7*i**2 - 19*i - 5. Determine r(-9).
4
Let l(s) = s**2 + 5*s + 2. Give l(-5).
2
Let x(o) = 2*o**2 + 19*o - 12. What is x(-9)?
-21
Let x(s) = -s**2 + 18*s - 14. Give x(12).
58
Let i(g) = 3*g**2 - 3*g - 10. Give i(3).
8
Let a(u) = -5*u**2 - 11*u + 11. Calculate a(1).
-5
Let q(w) = -4*w**2 + 3*w - 17. Determine q(4).
-69
Let u(p) = -p**3 - 9*p**2 + 7*p - 4. What is u(-8)?
-124
Let n(i) = i**2 - i - 25. Determine n(0).
-25
Let g(y) = y**3 - 19*y**2 + 35*y - 10. What is g(17)?
7
Let z(x) = 8*x + 12. Calculate z(-3).
-12
Let y(p) = -5*p - 8. Determine y(-3).
7
Let s(x) = -x**3 + 12*x**2 - 12*x + 6. Determine s(11).
-5
Let h(a) = -a**3 + 8*a**2 - 10*a + 7. Calculate h(6).
19
Let c(w) = -3*w**3 - 6*w**2 + 4*w. Give c(2).
-40
Let k(u) = u**2 + 18*u + 40. Give k(-15).
-5
Let f(y) = y**3 + 4*y**2 + 2*y - 7. Calculate f(-3).
-4
Let w(i) = i**3 + 5*i**2 - 5*i. What is w(-5)?
25
Let o(h) = h**2 - 7*h + 1. Determine o(9).
19
Let v(b) = 2*b**3 + 24*b**2 - 26*b + 10. Calculate v(-13).
10
Let y(n) = n**2 + 12*n + 16. Determine y(-7).
-19
Let n(p) = -2*p**2 + 10*p. Calculate n(4).
8
Let s(a) = a + 22. Give s(-9).
13
Let c(k) = -8*k**3 - 2*k**2 + k + 1. Calculate c(-1).
6
Let k(d) = 3*d**3 - 46*d**2 + 19*d - 67. Calculate k(15).
-7
Let v(n) = n**2 - 8*n - 56. Give v(13).
9
Let n(v) = -v**2 - 6*v - 5. Give n(-4).
3
Let z(i) = -i**2 + 8*i - 16. Determine z(6).
-4
Let c(o) = o**3 - 5*o**2 - 2*o + 4. Give c(4).
-20
Let x(a) = 2*a**3 - 12*a**2 - 17*a + 15. Determine x(7).
-6
Let m(g) = -g**2 + 25*g - 44. Determine m(2).
2
Let q(c) = -c**2 - 3*c - 2. Give q(-5).
-12
Let x(t) = -t**2 + 8*t - 12. Calculate x(4).
4
Let k(q) = -4*q**2 + 10*q - 9. Calculate k(4).
-33
Let i(d) = -5*d + 71. Calculate i(14).
1
Let z(a) = -46*a - 12. What is z(-1)?
34
Let y(x) = -x**3 + 11*x**2 + 31*x - 2. Calculate y(13).
63
Let l(p) = 4*p - 4. Give l(5).
16
Let j(i) = i**2 + 27*i + 97. Give j(-23).
5
Let p(c) = 2*c**2 + 4. Determine p(3).
22
Let o(t) = -t**3 + 9*t**2 + t - 12. Give o(9).
-3
Let r(g) = g**3 + 6*g**2 - 2*g - 5. What is r(-6)?
7
Let d(i) = -i**3 + 4*i**2 + 57*i + 42. Give d(10).
12
Let m(z) = 42*z - 125. Calculate m(3).
1
Let g(k) = -15*k + 132. Give g(9).
-3
Let q(n) = -10*n - 88. What is q(-8)?
-8
Let b(g) = -5*g**3 + 2*g**2 + 4*g - 4. What is b(2)?
-28
Let b(q) = -q**3 + 5*q**2 - q + 8. Determine b(5).
3
Let g(w) = 3*w - 32. What is g(-7)?
-53
Let i(u) = -u**2 + 9*u - 18. What is i(8)?
-10
Let s(b) = -b**3 + 4*b**2 + 4*b - 4. What is s(5)?
-9
Let r(f) = -f**3 + 11*f**2 + 11*f + 12. Determine r(12).
0
Let k(g) = 3*g**2 + 11*g + 23. Determine k(-2).
13
Let o(m) = m**3 + 6*m**2 + 14*m + 1. Give o(-3).
-14
Let b(y) = y**3 + 6*y**2 + 6*y - 7. What is b(0)?
-7
Let w(s) = s**3 - 40*s**2 - 39*s - 87. Calculate w(41).
-5
Let p(t) = 5*t**2 - 65*t - 74. What is p(14)?
-4
Let c(f) = -f**3 - 9*f**2 - 9*f - 13. What is c(-8)?
-5
Let m(p) = -13*p - 3. Calculate m(-2).
23
Let h(u) = u**2 - 15*u + 6. Give h(15).
6
Let w(i) = -2*i**3 + i**2. What is w(2)?
-12
Let r(m) = m**3 - 6*m**2 - 8*m - 1. Give r(8).
63
Let m(g) = 3*g**2 + 3*g + 3. Calculate m(-2).
9
Let j(m) = 3*m - 12. Calculate j(20).
48
Let h(p) = 56*p - 303. Give h(5).
-23
Let j(s) = -s**2 - 7*s - 5. Determine j(-10).
-35
Let j(s) = 31*s + 4. Calculate j(3).
97
Let t(b) = -b**2 + 10*b - 22. Determine t(6).
2
Let a(s) = 3*s**2 + 3*s - 3. Determine a(-3).
15
Let w(y) = y**3 - 5*y**2 - 6*y - 3. What is w(-2)?
-19
Let i(p) = -p**3 - 4*p**2 + p - 5. What is i(-4)?
-9
Let z(o) = o**3 + 5*o**2 - o - 1. What is z(-6)?
-31
Let c(t) = -t**2 + 14*t. Determine c(14).
0
Let b(y) = y**3 - 7*y**2 + 14*y - 7. What is b(7)?
91
Let a(v) = -14*v**2 - 123*v + 20. Determine a(-9).
-7
Let w(x) = x**2 - 18*x + 16. Calculate w(14).
-40
Let n(f) = f**2 - 34*f + 54. What is n(32)?
-10
Let t(x) = -9*x + 64. Give t(7).
1
Let z(t) = -2*t**2 - 2*t + 1. Give z(4).
-39
Let g(r) = -r**3 + 19*r**2 + 41*r + 17. Calculate g(21).
-4
Let s(f) = f**3 - 5*f**2 + f - 3. Calculate s(5).
2
Let f(z) = 9*z**2 - 2*z - 10. What is f(-2)?
30
Let b(p) = p**3 - 9*p**2 - 3*p + 2. Calculate b(5).
-113
Let a(g) = 3*g + 2. What is a(-4)?
-10
Let y(q) = 7*q**3 - q**2 - q. Calculate y(-2).
-58
Let n(q) = 3*q - 17. What is n(6)?
1
Let h(q) = -3*q**2 + 4*q + 14. Give h(-2).
-6
Let b(q) = -2*q**2 + 3. Give b(1).
1
Let f(l) = -9*l - 23. What is f(-8)?
49
Let o(h) = h**3 - 18*h**2 + 30*h + 38. Calculate o(16).
6
Let m(i) = i**3 - 4*i**2 - i - 